ue
Is 3190747489 a prime number?
False
Is 27488627 a prime number?
False
Is 295621771 prime?
False
Is 1066310617 a composite number?
False
Is 6850366603 a composite number?
False
Is 4262608477 a composite number?
False
Is 23978852389 a prime number?
True
Is 27962315831 composite?
False
Is 935644187 prime?
True
Is 15848762257 prime?
False
Is 2905922633 a prime number?
True
Is 27727896293 composite?
False
Is 8935146749 a prime number?
True
Is 246127831 a prime number?
True
Is 183103097 a prime number?
True
Is 2210402749 prime?
True
Is 12232833539 composite?
False
Is 862313567 a composite number?
True
Is 120323891 a prime number?
True
Is 773867113 a prime number?
False
Is 33107982403 composite?
False
Is 4791290531 prime?
True
Is 3791184403 a prime number?
False
Is 30408196289 a prime number?
False
Is 27692914511 composite?
False
Is 5066645497 a composite number?
False
Is 1150854559 composite?
True
Is 92585783 composite?
False
Is 2975811281 composite?
True
Is 16491111017 composite?
False
Is 36664364549 a prime number?
True
Is 138329783 a prime number?
True
Is 51398862223 composite?
True
Is 30115175107 prime?
True
Is 1570853549 composite?
False
Is 4446756823 a prime number?
False
Is 1354958443 prime?
False
Is 633527459 a composite number?
False
Is 21302367287 a prime number?
True
Is 2645445593 a prime number?
False
Is 9586768382 composite?
True
Is 1049623609 a prime number?
False
Is 155331347 a prime number?
True
Is 23154139219 prime?
True
Is 114950595283 prime?
False
Is 22163944217 composite?
False
Is 10955330639 a composite number?
True
Is 247616878 prime?
False
Is 39290885345 a composite number?
True
Is 3692336017 composite?
True
Is 3233094149 composite?
False
Is 11968722223 composite?
True
Is 4975880891 prime?
True
Is 186594245 prime?
False
Is 4402592477 a composite number?
False
Is 1541032019 a prime number?
False
Is 655593259 a prime number?
False
Is 2429495869 composite?
True
Is 4236625711 prime?
True
Is 2010681133 prime?
False
Is 84868555661 prime?
False
Is 557235407 prime?
True
Is 90116595278 a prime number?
False
Is 41536063 prime?
False
Is 2336036603 prime?
False
Is 2752007 composite?
True
Is 1509762659 a composite number?
False
Is 3069210601 a composite number?
False
Is 8533998989 a composite number?
True
Is 23972003591 composite?
False
Is 8877002933 composite?
True
Is 17749727759 a composite number?
False
Is 4781527033 prime?
True
Is 2846870093 a composite number?
False
Is 2082432479 a composite number?
True
Is 48150806941 a prime number?
False
Is 1995569777 a prime number?
False
Is 2256474635 a prime number?
False
Is 56031263 a prime number?
True
Is 226358591 prime?
False
Is 8855053327 prime?
False
Is 217039087 composite?
False
Is 18742537147 a composite number?
True
Is 12002381597 a prime number?
False
Is 28644858427 a composite number?
False
Is 219891697 a prime number?
False
Is 1242382403 a prime number?
False
Is 922219357 composite?
False
Is 149973737 composite?
True
Is 2247150473 a composite number?
False
Is 123779741 a composite number?
False
Is 14387454047 prime?
True
Is 2919203323 a prime number?
False
Is 200879912197 prime?
True
Is 1798760101 a prime number?
True
Is 3832358073 a composite number?
True
Is 7833228937 prime?
True
Is 441628133 composite?
False
Is 82669233883 composite?
False
Is 165704361451 a composite number?
True
Is 68179473673 prime?
False
Is 7067713201 a composite number?
False
Is 10447373917 a composite number?
True
Is 43246406293 composite?
True
Is 9333625963 composite?
True
Is 21895071899 composite?
False
Is 360080653 a prime number?
True
Is 135034477 composite?
True
Is 43890053227 a composite number?
False
Is 1345316081 composite?
False
Is 31222322 a composite number?
True
Is 12614847097 composite?
False
Is 23262183491 a prime number?
True
Is 3091509059 a composite number?
True
Is 8097629959 prime?
True
Is 52384997239 a prime number?
False
Is 205397803991 a prime number?
False
Is 115406282149 a prime number?
True
Is 492380747 a composite number?
False
Is 152763590951 a composite number?
True
Is 6227111731 a composite number?
True
Is 968845649 composite?
False
Is 15068500541 prime?
False
Is 1273691537 composite?
True
Is 314385847 a prime number?
True
Is 1266236423 a composite number?
True
Is 2974644971 a prime number?
False
Is 330497693 a prime number?
False
Is 159911352241 prime?
True
Is 5215879457 a composite number?
False
Is 16930456555 prime?
False
Is 31551654983 a composite number?
False
Is 926199577 prime?
False
Is 7428103157 a prime number?
False
Is 23019417021 prime?
False
Is 15165472637 a composite number?
True
Is 108963943 prime?
False
Is 3635935379 prime?
True
Is 12435425789 prime?
True
Is 25160131169 a composite number?
False
Is 25234350751 prime?
True
Is 74812613 prime?
False
Is 21289727 prime?
False
Is 5721536735 prime?
False
Is 16274010757 prime?
True
Is 33010349959 composite?
False
Is 25902013633 prime?
False
Is 102153797 a prime number?
True
Is 57131564323 prime?
True
Is 5840598029 a composite number?
True
Is 59644883 prime?
False
Is 81183521 a prime number?
True
Is 1439310757 prime?
True
Is 20937789979 a prime number?
True
Is 925540573 composite?
False
Is 2501940041 prime?
True
Is 11567357663 a prime number?
True
Is 1382361319 a composite number?
False
Is 547013911 a composite number?
False
Is 140714909651 composite?
False
Is 241685551 prime?
True
Is 1554334651 a prime number?
True
Is 862534181 a prime number?
True
Is 2769852443 composite?
True
Is 7833971551 prime?
False
Is 17799737 composite?
False
Is 24311191 a composite number?
False
Is 1086534431 prime?
True
Is 2273313313 a composite number?
False
Is 2451993689 a prime number?
True
Is 927449821 a composite number?
True
Is 8282726113 prime?
False
Is 50079812179 composite?
False
Is 2225261963 composite?
True
Is 12733673867 a prime number?
True
Is 896454059 prime?
True
Is 664940893 a prime number?
True
Is 96196769 prime?
True
Is 13145713327 a composite number?
False
Is 21050114959 prime?
True
Is 3143588498 a prime number?
False
Is 6616754017 a composite number?
False
Is 54207752051 a composite number?
True
Is 8003717633 prime?
True
Is 11017597907 a composite number?
False
Is 21266694226 a composite number?
True
Is 6881076827 composite?
False
Is 434666723 prime?
False
Is 2519573549 a composite number?
True
Is 27398964779 a composite number?
True
Is 62395487081 a composite number?
False
Is 95827254413 a prime number?
False
Is 6863406937 a prime number?
True
Is 10475401603 a prime number?
True
Is 1251654337 a prime number?
True
Is 7739433127 a prime number?
True
Is 213417661 composite?
False
Is 133260597137 a composite number?
True
Is 12537974863 prime?
False
Is 8089136681 composite?
True
Is 96060463 a composite number?
False
Is 2547637507 prime?
True
Is 951609551 a prime number?
True
Is 47952540397 prime?
True
Is 369559819 a composite number?
True
Is 617782177 prime?
True
Is 8837659697 composite?
False
Is 122889917 prime?
True
Is 2241972443 composite?
False
Is 10300360193 a prime number?
True
Is 14432891209 a prime number?
False
Is 48945081929 a prime number?
True
Is 1069936477 prime?
True
Is 664715393 a prime number?
True
Is 568795883 a prime number?
True
Is 616354931 a prime number?
False
Is 34468018093 prime?
False
Is 1160563 composite?
True
Is 11059366051 composite?
True
Is 2506450847 composite?
True
Is 1502321003 a prime number?
True
Is 4108452347 composite?
False
Is 16767029 prime?
True
Is 300842305 composite?
True
Is 2901997051 a prime number?
False
Is 7331671487 prime?
False
Is 8260234274 a composite number?
True
Is 900571967 composite?
False
Is 1399996387 composite?
False
Is 6047902979 a composite number?
True
Is 1991761003 a composite number?
False
Is 303023209 a composite number?
False
Is 78292991 a composite number?
True
Is 680163629 prime?
False
Is 3275962097 a prime number?
True
Is 55572004877 composite?
False
Is 92718824467 composite?
True
Is 2828791069 a prime number?
False
Is 16789335635 a composite number?
True
Is 525508771 composite?
True
Is 8977288121 prime?
True
Is 485343038 prime?
False
Is 6113056177 a composite number?
False
Is 5802871883 a composite number?
True
Is 7442357939 composite?
True
Is 254398918649 prime?
False
Is 1283821529 prime?
False
Is 48443462581 composite?
True
Is 690619231 a prime number?
True
